-108 - -14 - (-86 - 1).
62
Calculate (-9 - (-104 + -5)) + -191 + 159.
68
What is (16 + -20 - ((-11 - -80) + 3)) + (2 - 1)?
-75
What is (1 - 20) + 2 + 40 + -46?
-23
What is the value of -74 - (5 - (63 + -91)) - (0 - (10 - -2))?
-95
What is 22 + (65 - 57 - (-2 + 0 + 6 + -3))?
29
-66 - -26 - (-56 + -54)
70
Calculate (-11 - (-10 - ((-28 - -4) + -36 + 48))) + -35.
-48
Evaluate (31 - (91 + -15)) + 3.
-42
-5 - 6 - (0 + -10 + -23)
22
-6 + 12 + (2 - 7) - -42 - (-272 + 273)
42
What is (12 + -3 - 14) + 15 + -4 + -44?
-38
7 + -26 + (23 - -110) + -27
87
What is (-4 - -6 - 14 - -8 - 6) + 23?
13
What is the value of -86 + -1 - (-3421 + 3369)?
-35
(20 - (10 + -2)) + -23 - (-10 + 7)
-8
Evaluate 124 - (18 - -12) - (16 - 1).
79
What is the value of -8 + (-3 - -4) - (33 + -27) - 4?
-17
What is the value of -101 - (-162 + 126) - -54?
-11
What is the value of -12 - 11 - ((3 - 0) + -1 + 5 + -1)?
-29
Calculate (-3 - 40) + 13 + -66 + 47.
-49
What is 49 - 44 - (-11 - 3)?
19
Calculate -52 - (35 + 42 - 50).
-79
Calculate 19 + 63 + -4 + (-6 - (-7 + -11)) + -1.
89
(3 - 3 - -5) + (-104 - (-56 - -21 - -28))
-92
What is the value of -46 + 106 + -28 + -22?
10
(-16 - (-11 + 23 - -3 - 19)) + 24
12
What is -2 + -21 + (-26 - 19) + 43?
-25
What is (0 - -37) + -6 + -16 + (6 - 3) + 10?
28
Calculate -14 + 6 - (3 + -10) - (0 + -3).
2
Calculate -117 + 24 + 142 - 126.
-77
-1 - (-16 + -42 + (7 + -10 - 2))
62
What is 2 - (-2 + 2 + -5 + (-910 - -955))?
-38
What is -3 + 17 - (24 + 14 + -32) - (76 + -4)?
-64
Calculate 17 + 5 + (23 - 31) - (2 - -57).
-45
What is (-7 + 2 + 127 + (17 - 34) - 3) + 12?
114
-608 - -573 - (-1 + -12) - -7
-15
What is the value of 64 + -48 - (-43 + 61)?
-2
Evaluate 0 - -53 - (-31 + 59).
25
Calculate 18 - (-14 + (10 - -14) + -27).
35
-174 - (-63 - -43 - 64)
-90
9 + (-28 - (-50 + 47))
-16
Calculate 2 + 11 - (-14 - (-50 - (18 + -18) - -14)).
-9
What is the value of (18 - (13 - (17 - 13)) - 14) + (-6 - 0)?
-11
What is (-10 - -21) + (-148 - -102)?
-35
(-39 + 20 - (4 - -5)) + (-58 - -48)
-38
-75 - (-139 - (38 + -68))
34
-22 - (-16 - -8) - (3 + -8 + -1 + 13)
-21
What is -4458 - -4465 - (0 - -92)?
-85
17 + -2 + -2 + (109 + -135 - -73)
60
What is the value of 0 + -30 + (-28243 - -28236)?
-37
27 + (28 - (-20 + 38)) + -35
2
Evaluate 35 - (-13 + -1 + -4 + 0 + -7 + 14).
46
What is 1 + 54 - (-31 + -16 + 51)?
51
(0 - (2 - 16)) + (-3649 - -3675)
40
What is the value of -10 + (7 - (-6 - -7 - -6) - -26) + 1?
17
What is -7 - (0 + 2 + (42 - 53)) - (-73 - -112)?
-37
What is -20 + -37 + -1 + (124 - 136)?
-70
Calculate -19 + 1 + 0 + (16 - (201 + -162)).
-41
What is the value of -10 + (-21 + (6 - -2) - 8) + -13?
-44
Calculate 8 + -3 + 5 + -111 + (136 - 17).
18
4 - 2 - (0 + (34 - 30))
-2
Calculate (-1 - -1 - -84) + (3 - -27) + (4 - 48).
70
What is the value of 33 - (59 - (-18 - 8)) - (-1 + -4)?
-47
Evaluate (-7 - -29) + 10 + 25 - (-2 - -2 - -9).
48
What is the value of (-26 - (-25 - -17)) + (21 - 59)?
-56
-100 + -2 + (2347 - 2307)
-62
-50 - (-4 - -6 - 10 - (-9 - -7))
-44
What is the value of 19 + (-73 - -46) + (-2 - (4 + 0 - 4))?
-10
What is the value of -2 + (6 - -91) + (-32 + 25 - 9)?
79
Evaluate (-405 - -417) + (-4 - (-60 - -4 - -3)).
61
What is the value of (0 - -1) + -19 - ((38 - 54) + -45)?
43
(-14 - (-8 + 10 + (-10 - -11))) + 44
27
0 + (-3 + 14 - 5) + (6 - 87 - 0)
-75
What is the value of 0 + (-6 - -8 - 9) - (-11 - (-6 + 3))?
1
-1 + 1 - (99 + -11) - (38 + -32 + 4)
-98
What is 3 + -3 - 3 - (99 + (6 - 23) - 17)?
-68
Calculate -2392 + 2387 - (2 - (44 + -2)).
35
What is (-33 - 0) + -3014 + 3057?
10
95 + (-71 - (19 - 30))
35
Calculate -69 + (3 + 6 + 2 - ((32 - 34) + 8)).
-64
Calculate (0 - 46) + 1 + 8 + 12 + 0 + -12.
-37
Calculate -33 + (73 - 17) + -38.
-15
43 + -98 + 45 + 43
33
Calculate (28 - 35) + -36 + -47 + 32.
-58
Evaluate (-144 + 35 - -101) + 49 + -1.
40
Evaluate (-1 - (4 + -1) - (-7 + -45)) + (-333 - -319).
34
What is (-2 - (-2 + 67)) + (9 - (13 - (25 + -23)))?
-69
Calculate 14 + ((-11 - -11 - -15) + -46 - (-6 - -18)).
-29
What is the value of 86 - 60 - -35 - 63?
-2
Calculate 83 - 61 - (80 - (-6 - -15)).
-49
What is 16 - (-92 - (-211 - -55))?
-48
-3 + (10 + 9 + -23 + -6 - 99)
-112
Calculate 93 - 75 - (-20 + 15 - 57).
80
What is the value of (-5 - -4) + 6 - (-5 - (6 - 21)) - 40?
-45
Evaluate (2 - 20 - (30 + -9 + -113 + 83)) + -61.
-70
What is -2 + 86 + (-786 - -735)?
33
Evaluate 8 + 26 + (-320 - -298).
12
Evaluate 7 - (-27 + 15 + 18 + 5 - 16).
12
Evaluate 5 + 1 + 65 + -44 + -14 + 6 + -3.
16
-49 - ((47 - 134) + 51)
-13
What is the value of 29 + 49 - 50 - -1?
29
What is the value of 34 - (1 + -63 - (-134 + 118))?
80
What is -2 + 7 + -31 + 129 - (-2 - 16)?
121
What is the value of 8 - (23 - 19 - 1 - (91 - -16))?
112
Evaluate 1 - 0 - 42 - (311 - (-128 - -418)).
-62
(7 - -12 - 37) + 76 - 30
28
-136 - (-96 - (148 - 80))
28
Calculate -24 - 2 - (-112 + 106 - -1 - (1 - 18)).
-38
Evaluate (-44 - -11) + -145 + 145.
-33
Calculate (-5 - -10) + -1 + (-1 - 1 - -17) + 7.
26
What is 8 + ((-18 - -40) + -34 - -28)?
24
Calculate -68 - (36 + (-48 - 1)).
-55
2 + 21 - (-23 - -77 - 59)
28
What is the value of -13 + 31 + 15 + (11 - 42) + 19?
21
What is -5 - (15 - (0 - -15)) - (-23 + -7)?
25
What is 59 + (-10 - -9) - 77?
-19
What is 59 - (-1 + 3 + 20 - (-2033 - -2048))?
52
(0 - -14 - -1) + (-69 - (-12 - 15 - 35))
8
Calculate (105 - (5 + 93)) + -12 + 1 - (40 - -1).
-45
Evaluate -34 - (63 + -51) - (-3 - 19).
-24
11 + (5 + -6 - (-6 - -7)) + (-1 - 2)
6
(-23 + (7 - -13) - -23) + -65
-45
Calculate (-1 - 20 - -12) + (8 - 5) + 32.
26
What is the value of 3 + -233 + -2329 + 2430?
-129
Evaluate 16 + -27 + 10 + (-4 - -1) + (30 - -6).
32
((14 - -11) + -39 - -20) + 0 + 45
51
What is -22 - (-38 + 30 + -10 + 65)?
-69
What is 1 + 39 - (357 - 288)?
-29
What is the value of -2 - (-6 + 6 + -9 + (46 - (-3 + 0)))?
-42
What is -3012 - -3062 - (-1 + (1 + 1 - 8))?
57
Evaluate 0 + 9 - ((371 - 381) + 55 + (2 - 0)).
-38
Evaluate -111 - (-37 + 21) - -94.
-1
-21 + 58 + -90 - (-1 + 41)
-93
Calculate -15 - (5 + 83 - 49 - (3 - 0)).
-51
What is the value of 49 + -44 + 77 - 25?
57
Evaluate 32 + (-9 - 15) + 47 + -8 - 0.
47
Calculate -4 - (2 - 12) - (19 - (-8 + -10 + 26)).
-5
What is -25 + (-6 - -4) + (-100 - -85)?
-42
Evaluate 9 + -2 - (-24 + (53 - (7 - 10))).
-25
Calculate (65 - 106) + 29 - ((41 - 0) + -3).
-50
Evaluate -23 - ((45 - 20) + 2 - 23).
-27
38 + -30 + (0 - 150) - (-4 + 10) - -7
-141
What is -126 + 65 - (2 - (-6 - -4))?
-65
Calculate (-12 - (-6 + -14)) + (41 - 18).
31
Evaluate (3 - 3) + 0 + 812 + -773 + 2 + -7.
34
Evaluate (-2 - 6) + 55 - (4 - (3 - -8)).
54
Evaluate -121 - (2 + -30 - -20) - -13.
-100
(-7 - -72) + (-59 - -35) + -3
38
Evaluate 72 + -40 - 13 - -53.
72
What is 86 + (74 + 20 + -89 - (-4 - -2 - -3))?
90
What is the value of 8 - -20 - -27 - 23?
32
What is 73 + -34 + -48 - -15?
6
148 - (67 + 8 + (-22 - 9))
104
Calculate -11 + (-25 - -59 - 12).
11
58 - ((-21 - (-67 - -35)) + (2 - 0))
45
What is the value of 9 + 14 + 52 + -22 + -3?
50
What is 10 + 0 + -21 + 22 + 26 + -57 + 9?
-11
What is -75 + (-34 - -54) + (31 - -8)?
-16
What is the value of -4 + -9 + (1 - -2) + (6 + 50 - 0)?
46
Calculate 63 - -1 - (-3 - -36 - 44 - (-4 + -5)).
66
Evaluate 140 + (48 - (-84 - -190)).
82
(-14 - -5) + (-2 - (-5 + 14)) + 13 + -23
-30
What is 6 - (-5 - -2 - 5 - (-44 - -55))?
25
What is 1976 + -1938 + (2 + -4 - 8)?
28
What is 61 + -74 + 10 + -10?
-13
Calculate -2 - (-12 + 88 + -76).
-2
What is the value of -37 + (-22 - 8) + 1 + (5 - 3 - 7)?
-71
What is the value of 1 + 3 + -5 + (6 - (-3 - 8)) + -1?
15
Calculate (0 - (48 - 26 - -35)) + 9.
-48
What is 11 + -14 + -2 + (-33 - -83)?
45
Calculate 39 + (31 - 12 - 14) + (1 - 15).
30
0 + 53 + (-417 - -386)
22
What is -20 + 0 + 10 + -8 - -28 - -73?
83
What is 1 + 0 + (-92 - -182 - (11 - 6))?
86
What is the value of -40 + 9 + (-14 - (-20 - -10))?
-35
Evaluate 98 - 1 - (-5521 - -5519).
99
What is the value of (3 - 23) + (106 + -70 - 3)?
13
22 - (31 + (-8 - 16) + -12)
27
Evaluate -16 + (8 - (-24 + 10)) + -6 + -18.
-18
What is 67 + 4 + (752 - 853)?
-30
What is the value of (-30 - -81) + (3 + -3 + -1 - (-13 + 13))?
50
Evaluate -30 + (13 - (3 + 25)).
-45
What is the value of 69 + (-44 - -12 - 3) + 13 + -3?
44
What is the value of 79 + (-68 + 95 - (-4 - -48))?
62
What is 7 + -11 + (-7 + -20 + 10 - 62)?
-83
Eva